-196))/(-5 + (-3)/((-36)/51)).
84
Let h be ((-135)/(-6))/(-1)*2. Let x = 99 + h. What is the remainder when 211 is divided by x?
49
Let n = 457 - -86. Suppose 0 = 4*g + 4*y - 4, 13*y - 6 = -2*g + 12*y. What is the remainder when n is divided by g?
3
Let g(c) = -70*c - 492. Let i be g(-7). Suppose 4*h - 59 - 45 = 0. Calculate the remainder when 51 is divided by (h/(-2))/((0 + 2)/i).
12
Let m = 48 - 47. Let p = 57 + -55. Calculate the remainder when 33 is divided by (m - 36/28)/(p/(-28)).
1
Let y = 123 + -76. Let x(v) = -2*v**2 - 7*v + 3. Let b(k) = 5*k**2 + 20*k - 8. Let l(q) = -3*b(q) - 8*x(q). Calculate the remainder when y is divided by l(6).
11
Let y(q) be the first derivative of q**4/4 + 2*q**3 - q**2 - 9*q - 15. Let z be y(-6). What is the remainder when 30 is divided by -1 - (z - (-15)/(-1))?
8
Let r = 8165 + -7833. Calculate the remainder when r is divided by 84.
80
Let p = -32312 + 32375. What is the remainder when 741 is divided by p?
48
Let k = -46 + 84. Let d(f) = f**2 + 8*f + 109. Calculate the remainder when d(-8) is divided by k.
33
Let i = -12 - -15. Let n = -18 + 15. Let l = 10 - n. What is the remainder when l is divided by i?
1
What is the remainder when 518 is divided by -5 - -6 - (-188 - 3)?
134
Let g = -12014 + 12021. Calculate the remainder when 398 is divided by g.
6
Suppose -44*h + 238 = -42*h. Suppose 16*n = 43*n - 810. What is the remainder when h is divided by n?
29
Let p = 828 - -98. What is the remainder when p is divided by 31?
27
Let p be 603/63 - 8/14. Suppose -p = -5*l + 3*d + 7, -l + 6 = -2*d. Suppose -l*m + 4*m - 96 = 0. What is the remainder when m is divided by 10?
8
Suppose -9*s + 9 = 0, 4*l = -4*s - 11 + 27. What is the remainder when 504 is divided by l?
0
Suppose -j + 13*j + 585 = 17*j. What is the remainder when 338 is divided by j?
104
Let p = 28737 + -26646. Calculate the remainder when p is divided by 16.
11
Let z(o) = -o**3 + 9*o**2 + 125*o - 19. What is the remainder when z(-15) is divided by 4?
2
Let o(h) = -12*h + 12. Let x be o(4). Calculate the remainder when (x/(-5))/(10/25) is divided by 13.
5
Let o(z) = z**3 - 32*z**2 - 60*z - 20. Let i be o(34). Suppose -87*c = -101*c + i. What is the remainder when 55 is divided by c?
1
Let y(f) = f**2 + 20*f + 38. Let p be y(-18). Suppose -p*b + 655 = 5*d, -365 = -2*d + 5*b - 103. What is the remainder when d is divided by 66?
65
Suppose -30*j - 488 = -1568. Calculate the remainder when j is divided by 36.
0
Calculate the remainder when 51 is divided by ((-4080)/(-476))/(6/21).
21
Suppose -3310 = -4*h + 3*r, -3*r + 3318 = 4*h - 2*r. What is the remainder when h is divided by ((40/(-35))/((-18)/189))/((-6)/(-8))?
13
Suppose j - 5*j - 216 = 0. Let m = j - -97. What is the remainder when ((-56)/(-6))/(19/171) is divided by m?
41
Calculate the remainder when 278 is divided by ((-57)/((-399)/(-280)))/(2/(-2)).
38
Calculate the remainder when ((-36)/(-5))/(4157/(-320) - -13) is divided by (28/(-35))/((-2)/35).
12
Let x(w) = 366*w**2 + 2581*w - 7735. Calculate the remainder when x(3) is divided by 57.
53
Let m(v) = 3*v**2 - v + 49. Let f be 4/30 + 24/(-180). Suppose a = 4*h - 0*a - 53, 0 = 4*h + a - 51. Calculate the remainder when m(f) is divided by h.
10
Let p(o) = o**3 + 27*o**2 + 25*o - 14. Let b be (20/5)/(15/(-13) - -1). Calculate the remainder when 56 is divided by p(b).
8
Suppose -1291 = -109*s + 16149. What is the remainder when 463 is divided by s?
143
Suppose 2*q - 7*q + 1170 = 21*q. Calculate the remainder when 667 is divided by q.
37
Let p be (-8)/20 + 1236/15. Suppose 12 = 5*w + p. Let h(m) = -m**3 - 13*m**2 + 10*m - 19. Calculate the remainder when h(w) is divided by 20.
17
Suppose 5*q + 3466 = 5*p - 64, -2*q + 3537 = 5*p. Calculate the remainder when p is divided by 10.
7
Suppose -252 = -54*f - 134 + 692. What is the remainder when 221/4 - 2/8 is divided by f?
10
Suppose -97*v = -85*v + 588. What is the remainder when (-3)/21 - 742/v is divided by 5?
0
Let o(s) = s**3 + 32*s**2 - 69*s - 10. Let m be o(-34). What is the remainder when 90 is divided by (27/12)/(18/m) + 45?
42
Let r be (69/46)/((-6)/(-16)). Suppose 8*x - 12*x + p + 20 = 0, 5*p - 20 = -r*x. What is the remainder when 14 is divided by x?
4
Let n = 215 + -97. Let s = n - -11. What is the remainder when s is divided by 11/(-33) - 100/(-3)?
30
Let w(j) = j**2 + 31*j - 24. Let f be w(-33). Suppose 3*g - 54 = -f. Calculate the remainder when 76 is divided by g.
0
Suppose -7*r + 1109 = -4*r - b, 2*r - 722 = 5*b. Suppose 8*c - 4*c + 5*d = r, -173 = -2*c - 5*d. Calculate the remainder when c is divided by 23.
7
Suppose -421 = -10*c + 259. Let i = -41 + c. Calculate the remainder when 76 is divided by i.
22
Let v(r) = r**3 + 9*r**2 + r - 6. Let b(z) = z**2 + 2. Let g(j) = 5*b(j) - v(j). Calculate the remainder when 59 is divided by g(0).
11
Let o(u) = 6*u + 12. Let l be o(-2). Suppose l = -8*b - 237 + 693. Calculate the remainder when 180 is divided by b.
9
Suppose -180 - 296 = -2*m. Let b = m - 139. Calculate the remainder when b is divided by (-2 + 43/(-4))*(-480)/180.
31
Calculate the remainder when -4 + 8 + (-45)/5 + 402 is divided by 45.
37
Let r(k) = -26*k - 1268. Calculate the remainder when r(-69) is divided by 106.
102
What is the remainder when 8 - (-108 + (-36)/(-9)) is divided by 61 + (-6 - -24)/(-6)?
54
Let m = 111 + -108. Suppose -m*v + 5*b = -455, -2*v - 3*b = -405 + 70. Calculate the remainder when v is divided by (-5)/5 + (3 - -25).
25
Suppose 0 = -5*n + 4*l + 259, -n + 5*l + 107 = n. Let q = 1873 - 1569. What is the remainder when q is divided by n?
49
Calculate the remainder when 1385 - 40*(-3)/(-12) is divided by 51.
49
Let w = 27 + -21. Suppose -10*g = -13*g + w. Suppose 244 = 2*c - 3*z, 2*c - g*z = -30 + 272. Calculate the remainder when c is divided by 40.
39
Let l(v) = 2*v**3 - 157*v**2 - 77*v - 24. Calculate the remainder when 284 is divided by l(79).
16
Suppose 173*z = 4376 - 2833 + 3474. Calculate the remainder when 2339 is divided by z.
19
Suppose -j = -4*j + 327. Let i = j - 57. Calculate the remainder when i is divided by 11.
8
Suppose 0 = -4*v - 5*v - v + 390. What is the remainder when 284 is divided by v?
11
Let d(t) = 44*t + 1946. Suppose 4 = -4*n + 80. What is the remainder when d(-41) is divided by n?
9
Let g = -50 + 85. Suppose g - 171 = 4*m. Let t = -29 - m. Calculate the remainder when 9 is divided by t.
4
Suppose 0 = b - 5*w - 5, -12*b = -8*b - 2*w - 20. Let c(x) = -2*x**3 + 12*x**2 - 5*x - 8. What is the remainder when 31 is divided by c(b)?
14
Let l = 17384 + -17322. Calculate the remainder when l is divided by 2 - (-2 - 0 - 9).
10
Suppose -14*p - 576 = -32*p. Let b = 58 - p. What is the remainder when 47 is divided by b?
21
Let g(o) be the third derivative of -o**6/60 + 11*o**5/60 - o**4/6 + 2*o**3/3 - 15*o**2. Calculate the remainder when 24/42 + 454/14 is divided by g(5).
6
Let u = 1599 - 918. Calculate the remainder when u is divided by 99.
87
Suppose -148*x + 153*x - 60 = 0. Calculate the remainder when 8 is divided by (32/x - -2)*(-18)/(-21).
0
Suppose 2*q = 5*t - 6*t + 109, -4*q + 335 = 3*t. Let r = 122 - t. Suppose 5*h - 2*p + 3*p - 280 = 0, 0 = -r*p. Calculate the remainder when h is divided by 19.
18
Let b = -2310 + 2316. What is the remainder when 1/((-44)/(-42) + -1) is divided by b?
3
Let j(i) = 77*i**2 + 1075*i - 27. Let u(p) = p**2 + p + 174. Let x be u(0). Let y = x + -100. Calculate the remainder when y is divided by j(-14).
14
Let n = 80 - 78. Suppose -2*z - 5*q = n*z - 181, 0 = 3*z + 5*q - 137. What is the remainder when z is divided by 33?
11
Let a = -10047 + 10058. What is the remainder when 4736 is divided by a?
6
Let w(z) = 12*z - 10*z + 31*z**2 - 30*z**2 - 72. What is the remainder when 65 is divided by w(9)?
11
Suppose -10*b + 6*b - 4*o = -84, 5*b = -o + 85. Let z(c) = -c**3 + 3*c**3 - 1 - 3*c**3 + b. What is the remainder when z(-6) is divided by 39?
36
Let x be (-3828)/(-21) - 6/21. Suppose x*p - 2981 = 171*p. What is the remainder when p is divided by 69?
64
Let h be 5/(-30)*0 - 0. Suppose -1044 = -9*c - h*c. Suppose 0 = -4*z - t + 116, 1 + 11 = -3*t. Calculate the remainder when c is divided by z.
26
Let r(w) = 2*w**2 + 44*w - 236. What is the remainder when 1906 is divided by r(-28)?
6
Suppose j - 257 = 4*r + 17, 5*r